{"id":80,"date":"2011-06-28T15:59:21","date_gmt":"2011-06-28T15:59:21","guid":{"rendered":"http:\/\/lf-law.at\/?page_id=80"},"modified":"2016-12-09T12:58:03","modified_gmt":"2016-12-09T10:58:03","slug":"mag-sandra-singer","status":"publish","type":"page","link":"https:\/\/lf-law.at\/index.php\/team\/mag-sandra-singer\/","title":{"rendered":"Mag. Sandra Singer-Nagel"},"content":{"rendered":"<h1>Mag. Sandra Singer-Nagel<\/h1>\n<p>Rechtsanw\u00e4ltin<\/p>\n<h2>Vita.<\/h2>\n<p>Matura HLW Marienberg<br \/>\neinj\u00e4hriger Auslandsaufenthalt in Miami, USA<br \/>\nUniversit\u00e4t Innsbruck, Diplomstudium Rechtswissenschaften<br \/>\nBezirksgericht Dornbirn, Gerichtspraxis<br \/>\nLandesgericht Feldkirch, Gerichtspraxis<br \/>\nAnwaltsausbildung in einer renommierten Dornbirner Anwaltskanzlei<br \/>\nAnwaltsausbildung bei L\u00e4ngle Fussenegger Rechtsanw\u00e4lte Partnerschaft<br \/>\nRechtsanwaltspr\u00fcfung, OLG Innsbruck, mit sehr gutem Erfolg<br \/>\nlaufend Seminare<\/p>\n<h2>Fachliche Schwerpunkte.<\/h2>\n<ul>\n<li>Familienrecht<\/li>\n<li>Liegenschaftsrecht<\/li>\n<li>Vertragsrecht<\/li>\n<li>Baurecht<\/li>\n<li>Exekutionsrecht, Inkassowesen<\/li>\n<li>Insolvenzrecht<\/li>\n<\/ul>\n<h2>Funktion.<\/h2>\n<ul>\n<li>Verhandlungen vor Gerichten und Beh\u00f6rden<\/li>\n<li>Laufende Rechtsberatung<\/li>\n<li>Verfassen von Vertr\u00e4gen<\/li>\n<li>Aufsichtsrat<\/li>\n<\/ul>\n","protected":false},"excerpt":{"rendered":"<p>Mag. Sandra Singer-Nagel Rechtsanw\u00e4ltin Vita. Matura HLW Marienberg einj\u00e4hriger Auslandsaufenthalt in Miami, USA Universit\u00e4t Innsbruck, Diplomstudium Rechtswissenschaften Bezirksgericht Dornbirn, Gerichtspraxis Landesgericht Feldkirch, Gerichtspraxis Anwaltsausbildung in einer renommierten Dornbirner Anwaltskanzlei Anwaltsausbildung bei L\u00e4ngle Fussenegger Rechtsanw\u00e4lte Partnerschaft Rechtsanwaltspr\u00fcfung, OLG Innsbruck, mit sehr &hellip; <a href=\"https:\/\/lf-law.at\/index.php\/team\/mag-sandra-singer\/\">Weiterlesen <span class=\"meta-nav\">&rarr;<\/span><\/a><\/p>\n","protected":false},"author":1,"featured_media":81,"parent":7,"menu_order":3,"comment_status":"closed","ping_status":"open","template":"onecolumn-page.php","meta":{"footnotes":""},"class_list":["post-80","page","type-page","status-publish","has-post-thumbnail","hentry"],"_links":{"self":[{"href":"https:\/\/lf-law.at\/index.php\/wp-json\/wp\/v2\/pages\/80","targetHints":{"allow":["GET"]}}],"collection":[{"href":"https:\/\/lf-law.at\/index.php\/wp-json\/wp\/v2\/pages"}],"about":[{"href":"https:\/\/lf-law.at\/index.php\/wp-json\/wp\/v2\/types\/page"}],"author":[{"embeddable":true,"href":"https:\/\/lf-law.at\/index.php\/wp-json\/wp\/v2\/users\/1"}],"replies":[{"embeddable":true,"href":"https:\/\/lf-law.at\/index.php\/wp-json\/wp\/v2\/comments?post=80"}],"version-history":[{"count":7,"href":"https:\/\/lf-law.at\/index.php\/wp-json\/wp\/v2\/pages\/80\/revisions"}],"predecessor-version":[{"id":456,"href":"https:\/\/lf-law.at\/index.php\/wp-json\/wp\/v2\/pages\/80\/revisions\/456"}],"up":[{"embeddable":true,"href":"https:\/\/lf-law.at\/index.php\/wp-json\/wp\/v2\/pages\/7"}],"wp:featuredmedia":[{"embeddable":true,"href":"https:\/\/lf-law.at\/index.php\/wp-json\/wp\/v2\/media\/81"}],"wp:attachment":[{"href":"https:\/\/lf-law.at\/index.php\/wp-json\/wp\/v2\/media?parent=80"}],"curies":[{"name":"wp","href":"https:\/\/api.w.org\/{rel}","templated":true}]}}