{"id":7,"date":"2011-06-28T09:08:29","date_gmt":"2011-06-28T09:08:29","guid":{"rendered":"http:\/\/lf-law.at\/?page_id=7"},"modified":"2026-02-13T15:11:46","modified_gmt":"2026-02-13T13:11:46","slug":"team","status":"publish","type":"page","link":"https:\/\/lf-law.at\/index.php\/team\/","title":{"rendered":"Team"},"content":{"rendered":"\n<p><\/p>\n\n\n\n<h2 class=\"wp-block-heading\">Rechtsanw\u00e4lte<\/h2>\n\n\n<p><a title=\"Dr. Dieter Fussenegger\" href=\"http:\/\/lf-law.at\/index.php\/team\/dr-dieter-fussenegger\/\">\u00bb Dr. Dieter Fussenegger<\/a><br \/><a title=\"Dr. Philipp L\u00e4ngle\" href=\"http:\/\/lf-law.at\/index.php\/team\/dr-philipp-langle\/\">\u00bb Dr. Philipp L\u00e4ngle<\/a><br \/><a title=\"Mag. Sandra Singer\" href=\"http:\/\/lf-law.at\/index.php\/team\/mag-sandra-singer\/\">\u00bb Mag. Sandra Singer-Nagel<\/a><br \/><a href=\"https:\/\/lf-law.at\/index.php\/team\/mag-stephanie-loacker\/\">\u00bb Mag.\u00a0Stephanie Loacker<\/a><br \/><a href=\"https:\/\/lf-law.at\/index.php\/team\/mag-florian-mahr-ma\/\">\u00bb Mag. Florian M\u00e4hr, MA<\/a><\/p>\n<h2>Rechtsanwaltsanw\u00e4rterin<\/h2>\n<p><a href=\"https:\/\/lf-law.at\/index.php\/team\/mag-florian-mahr-ma\/\">\u00bb <\/a><a href=\"https:\/\/lf-law.at\/index.php\/team\/mag-sheileen-waibel\/\">Mag. Sheileen Waibel<\/a><\/p>\n<h2>Sekretariat<\/h2>\n<p><span style=\"color: #000000;\">\u00bb Bianca Fleisch<\/span><br \/><span style=\"color: #000000;\">\u00bb Nadja Fussenegger<br \/>\u00bb Felicitas Helm<br \/>\u00bb Irem Kaya<\/span><br \/><span style=\"color: #000000;\">\u00bb Patricia Koschina<\/span><\/p>\n<p>[&#8211;spalte&#8211;]<\/p>\n<h2>Gezielte Beratung<\/h2>\n<p>Unser Team besteht aus f\u00fcnf erfahrenen Rechtsanw\u00e4lten, von denen jeder seine eigenen fachlichen Schwerpunkte hat, einer Rechtsanwaltsanw\u00e4rterin und unserem freundlichen Sekretariat.<\/p>\n<p>[&#8211;spalte&#8211;]<\/p>\n<h2>Kontinuit\u00e4t<\/h2>\n<p>Unsere Kanzlei ist an Werktagen stets besetzt, auch zu den \u00fcblichen Urlaubszeiten. Sie werden daher durchgehend informiert und haben immer einen kompetenten Ansprechpartner in Ihrer Angelegenheit.<\/p>","protected":false},"excerpt":{"rendered":"<p>Rechtsanw\u00e4lte \u00bb Dr. Dieter Fussenegger\u00bb Dr. Philipp L\u00e4ngle\u00bb Mag. Sandra Singer-Nagel\u00bb Mag.\u00a0Stephanie Loacker\u00bb Mag. Florian M\u00e4hr, MA Rechtsanwaltsanw\u00e4rterin \u00bb Mag. Sheileen Waibel Sekretariat \u00bb Bianca Fleisch\u00bb Nadja Fussenegger\u00bb Felicitas Helm\u00bb Irem Kaya\u00bb Patricia Koschina [&#8211;spalte&#8211;] Gezielte Beratung Unser Team besteht &hellip; <a href=\"https:\/\/lf-law.at\/index.php\/team\/\">Weiterlesen <span class=\"meta-nav\">&rarr;<\/span><\/a><\/p>\n","protected":false},"author":1,"featured_media":747,"parent":0,"menu_order":2,"comment_status":"closed","ping_status":"closed","template":"","meta":{"footnotes":""},"class_list":["post-7","page","type-page","status-publish","has-post-thumbnail","hentry"],"_links":{"self":[{"href":"https:\/\/lf-law.at\/index.php\/wp-json\/wp\/v2\/pages\/7","targetHints":{"allow":["GET"]}}],"collection":[{"href":"https:\/\/lf-law.at\/index.php\/wp-json\/wp\/v2\/pages"}],"about":[{"href":"https:\/\/lf-law.at\/index.php\/wp-json\/wp\/v2\/types\/page"}],"author":[{"embeddable":true,"href":"https:\/\/lf-law.at\/index.php\/wp-json\/wp\/v2\/users\/1"}],"replies":[{"embeddable":true,"href":"https:\/\/lf-law.at\/index.php\/wp-json\/wp\/v2\/comments?post=7"}],"version-history":[{"count":145,"href":"https:\/\/lf-law.at\/index.php\/wp-json\/wp\/v2\/pages\/7\/revisions"}],"predecessor-version":[{"id":755,"href":"https:\/\/lf-law.at\/index.php\/wp-json\/wp\/v2\/pages\/7\/revisions\/755"}],"wp:featuredmedia":[{"embeddable":true,"href":"https:\/\/lf-law.at\/index.php\/wp-json\/wp\/v2\/media\/747"}],"wp:attachment":[{"href":"https:\/\/lf-law.at\/index.php\/wp-json\/wp\/v2\/media?parent=7"}],"curies":[{"name":"wp","href":"https:\/\/api.w.org\/{rel}","templated":true}]}}

<p></p>



<h2 class="wp-block-heading">Rechtsanwälte</h2>


<p><a title="Dr. Dieter Fussenegger" href="http://lf-law.at/index.php/team/dr-dieter-fussenegger/">» Dr. Dieter Fussenegger</a><br /><a title="Dr. Philipp Längle" href="http://lf-law.at/index.php/team/dr-philipp-langle/">» Dr. Philipp Längle</a><br /><a title="Mag. Sandra Singer" href="http://lf-law.at/index.php/team/mag-sandra-singer/">» Mag. Sandra Singer-Nagel</a><br /><a href="https://lf-law.at/index.php/team/mag-stephanie-loacker/">» Mag. Stephanie Loacker</a><br /><a href="https://lf-law.at/index.php/team/mag-florian-mahr-ma/">» Mag. Florian Mähr, MA</a></p>
<h2>Rechtsanwaltsanwärterin</h2>
<p><a href="https://lf-law.at/index.php/team/mag-florian-mahr-ma/">» </a><a href="https://lf-law.at/index.php/team/mag-sheileen-waibel/">Mag. Sheileen Waibel</a></p>
<h2>Sekretariat</h2>
<p><span style="color: #000000;">» Bianca Fleisch</span><br /><span style="color: #000000;">» Nadja Fussenegger<br />» Felicitas Helm<br />» Irem Kaya</span><br /><span style="color: #000000;">» Patricia Koschina</span></p>
<p>[&#8211;spalte&#8211;]</p>
<h2>Gezielte Beratung</h2>
<p>Unser Team besteht aus fünf erfahrenen Rechtsanwälten, von denen jeder seine eigenen fachlichen Schwerpunkte hat, einer Rechtsanwaltsanwärterin und unserem freundlichen Sekretariat.</p>
<p>[&#8211;spalte&#8211;]</p>
<h2>Kontinuität</h2>
<p>Unsere Kanzlei ist an Werktagen stets besetzt, auch zu den üblichen Urlaubszeiten. Sie werden daher durchgehend informiert und haben immer einen kompetenten Ansprechpartner in Ihrer Angelegenheit.</p>

<p>Rechtsanwälte » Dr. Dieter Fussenegger» Dr. Philipp Längle» Mag. Sandra Singer-Nagel» Mag. Stephanie Loacker» Mag. Florian Mähr, MA Rechtsanwaltsanwärterin » Mag. Sheileen Waibel Sekretariat » Bianca Fleisch» Nadja Fussenegger» Felicitas Helm» Irem Kaya» Patricia Koschina [&#8211;spalte&#8211;] Gezielte Beratung Unser Team besteht &hellip; <a href="https://lf-law.at/index.php/team/">Weiterlesen <span class="meta-nav">&rarr;</span></a></p>
