{"id":577,"date":"2021-06-01T08:51:10","date_gmt":"2021-06-01T06:51:10","guid":{"rendered":"https:\/\/lf-law.at\/?page_id=577"},"modified":"2025-08-04T10:08:42","modified_gmt":"2025-08-04T08:08:42","slug":"mag-stephanie-loacker","status":"publish","type":"page","link":"https:\/\/lf-law.at\/index.php\/team\/mag-stephanie-loacker\/","title":{"rendered":"Mag. Stephanie Loacker"},"content":{"rendered":"\n<h1 class=\"wp-block-heading\">Mag. Stephanie Loacker<\/h1>\n\n\n\n<p>Rechtsanw\u00e4ltin<\/p>\n\n\n\n<h2 class=\"wp-block-heading\">Vita.<\/h2>\n\n\n\n<p>Matura HLW Rankweil, mit Auszeichnung<br>Universit\u00e4t Innsbruck, Studium Rechtswissenschaften<br>Bezirksgericht Feldkirch, Gerichtspraxis<br>Landesgericht Feldkirch, Gerichtspraxis<br>Land Vorarlberg, juristisches Verwaltungspraktikum<br>Anwaltsausbildung bei L\u00e4ngle Fussenegger Singer Rechtsanw\u00e4lte Partnerschaft<br>Rechtsanwaltspr\u00fcfung, OLG Innsbruck, mit sehr gutem Erfolg<\/p>\n\n\n\n<h2 class=\"wp-block-heading\">Fachliche Schwerpunkte.<\/h2>\n\n\n\n<ul class=\"wp-block-list\">\n<li><span style=\"color: initial;\">Opferschutz<\/span><\/li>\n\n\n\n<li>Ehe- und Familienrecht<\/li>\n\n\n\n<li><span style=\"color: initial;\">Schadenersatz<\/span> und Gew\u00e4hrleistung<\/li>\n<\/ul>\n\n\n\n<p><br><\/p>\n","protected":false},"excerpt":{"rendered":"<p>Mag. Stephanie Loacker Rechtsanw\u00e4ltin Vita. Matura HLW Rankweil, mit AuszeichnungUniversit\u00e4t Innsbruck, Studium RechtswissenschaftenBezirksgericht Feldkirch, GerichtspraxisLandesgericht Feldkirch, GerichtspraxisLand Vorarlberg, juristisches VerwaltungspraktikumAnwaltsausbildung bei L\u00e4ngle Fussenegger Singer Rechtsanw\u00e4lte PartnerschaftRechtsanwaltspr\u00fcfung, OLG Innsbruck, mit sehr gutem Erfolg Fachliche Schwerpunkte.<\/p>\n","protected":false},"author":1,"featured_media":579,"parent":7,"menu_order":7,"comment_status":"closed","ping_status":"closed","template":"onecolumn-page.php","meta":{"footnotes":""},"class_list":["post-577","page","type-page","status-publish","has-post-thumbnail","hentry"],"_links":{"self":[{"href":"https:\/\/lf-law.at\/index.php\/wp-json\/wp\/v2\/pages\/577","targetHints":{"allow":["GET"]}}],"collection":[{"href":"https:\/\/lf-law.at\/index.php\/wp-json\/wp\/v2\/pages"}],"about":[{"href":"https:\/\/lf-law.at\/index.php\/wp-json\/wp\/v2\/types\/page"}],"author":[{"embeddable":true,"href":"https:\/\/lf-law.at\/index.php\/wp-json\/wp\/v2\/users\/1"}],"replies":[{"embeddable":true,"href":"https:\/\/lf-law.at\/index.php\/wp-json\/wp\/v2\/comments?post=577"}],"version-history":[{"count":5,"href":"https:\/\/lf-law.at\/index.php\/wp-json\/wp\/v2\/pages\/577\/revisions"}],"predecessor-version":[{"id":733,"href":"https:\/\/lf-law.at\/index.php\/wp-json\/wp\/v2\/pages\/577\/revisions\/733"}],"up":[{"embeddable":true,"href":"https:\/\/lf-law.at\/index.php\/wp-json\/wp\/v2\/pages\/7"}],"wp:featuredmedia":[{"embeddable":true,"href":"https:\/\/lf-law.at\/index.php\/wp-json\/wp\/v2\/media\/579"}],"wp:attachment":[{"href":"https:\/\/lf-law.at\/index.php\/wp-json\/wp\/v2\/media?parent=577"}],"curies":[{"name":"wp","href":"https:\/\/api.w.org\/{rel}","templated":true}]}}