{"id":12,"date":"2011-06-28T09:10:34","date_gmt":"2011-06-28T09:10:34","guid":{"rendered":"http:\/\/lf-law.at\/?page_id=12"},"modified":"2018-06-19T10:34:12","modified_gmt":"2018-06-19T08:34:12","slug":"p-5-ecg-agb","status":"publish","type":"page","link":"https:\/\/lf-law.at\/index.php\/ecg-agb\/p-5-ecg-agb\/","title":{"rendered":"\u00a7 5 ECG"},"content":{"rendered":"<h2>Offenlegung gem\u00e4\u00df \u00a7 5 ECG<\/h2>\n<p><strong>Firma<\/strong><br \/>\nL\u00e4ngle Fussenegger Singer Rechtsanw\u00e4lte Partnerschaft<\/p>\n<p><strong>Anschrift<\/strong><br \/>\nLustenauerstra\u00dfe 64,\u00a0A-6850 Dornbirn<br \/>\nT: +43 (0) 5572 39 88 99 | F: 39 88 99-9<\/p>\n<p><a href=\"mailto:office@lf-law.at\">office@LF-LAW.at<\/a> | <a href=\"http:\/\/www.lf-law.at\">www.LF-LAW.at<\/a><\/p>\n<p><strong>Firmenbuchangaben<\/strong><br \/>\nFN 254453x<br \/>\nLandesgericht Feldkirch<\/p>\n<p><strong>Aufsichtsbeh\u00f6rde<\/strong><br \/>\nVorarlberger Rechtsanwaltskammer<\/p>\n<p><strong>Kammer, Berufsbezeichnung, Vorschriften<\/strong><br \/>\nVorarlberger Rechtsanwaltskammer<br \/>\n<a href=\"http:\/\/www.rechtsanwaelte-vorarlberg.at\" target=\"_blank\" rel=\"noopener\">www.rechtsanwaelte-vorarlberg.at<\/a><br \/>\nRechtsanwalt und Strafverteidiger, verliehen in \u00d6sterreich\u00a0Rechtsanwaltsordnung (RAO); Rechtsanwaltstarifgesetz (RATG); Disziplinarstatut f\u00fcr Rechtsanw\u00e4lte und Rechtsanwaltsanw\u00e4rter (DSt); Richtlinien f\u00fcr die Aus\u00fcbung des Rechtsanwaltsberufes, f\u00fcr die \u00dcberwachung der Pflichten des Rechtsanwaltes und f\u00fcr die Ausbildung der Rechtsanwaltsanw\u00e4rter (RL-BA); Autonome Honorar-Kriterien (AHK); Rahmenschieds- und Schlichtungsordnung des \u00d6sterreichischen Rechtsanwaltskammertages;<br \/>\nGesetze abrufbar unter <a href=\"http:\/\/www.ris.bka.gv.at\" target=\"_blank\" rel=\"noopener\">www.ris.bka.gv.at<\/a><\/p>\n<p><strong>Umsatzsteueridentifikationsnummer<\/strong><br \/>\nATU 61191659<\/p>\n","protected":false},"excerpt":{"rendered":"<p>Offenlegung gem\u00e4\u00df \u00a7 5 ECG Firma L\u00e4ngle Fussenegger Singer Rechtsanw\u00e4lte Partnerschaft Anschrift Lustenauerstra\u00dfe 64,\u00a0A-6850 Dornbirn T: +43 (0) 5572 39 88 99 | F: 39 88 99-9 office@LF-LAW.at | www.LF-LAW.at Firmenbuchangaben FN 254453x Landesgericht Feldkirch Aufsichtsbeh\u00f6rde Vorarlberger Rechtsanwaltskammer Kammer, Berufsbezeichnung, &hellip; <a href=\"https:\/\/lf-law.at\/index.php\/ecg-agb\/p-5-ecg-agb\/\">Weiterlesen <span class=\"meta-nav\">&rarr;<\/span><\/a><\/p>\n","protected":false},"author":1,"featured_media":0,"parent":64,"menu_order":0,"comment_status":"closed","ping_status":"closed","template":"onecolumn-page.php","meta":{"footnotes":""},"class_list":["post-12","page","type-page","status-publish","hentry"],"_links":{"self":[{"href":"https:\/\/lf-law.at\/index.php\/wp-json\/wp\/v2\/pages\/12","targetHints":{"allow":["GET"]}}],"collection":[{"href":"https:\/\/lf-law.at\/index.php\/wp-json\/wp\/v2\/pages"}],"about":[{"href":"https:\/\/lf-law.at\/index.php\/wp-json\/wp\/v2\/types\/page"}],"author":[{"embeddable":true,"href":"https:\/\/lf-law.at\/index.php\/wp-json\/wp\/v2\/users\/1"}],"replies":[{"embeddable":true,"href":"https:\/\/lf-law.at\/index.php\/wp-json\/wp\/v2\/comments?post=12"}],"version-history":[{"count":17,"href":"https:\/\/lf-law.at\/index.php\/wp-json\/wp\/v2\/pages\/12\/revisions"}],"predecessor-version":[{"id":505,"href":"https:\/\/lf-law.at\/index.php\/wp-json\/wp\/v2\/pages\/12\/revisions\/505"}],"up":[{"embeddable":true,"href":"https:\/\/lf-law.at\/index.php\/wp-json\/wp\/v2\/pages\/64"}],"wp:attachment":[{"href":"https:\/\/lf-law.at\/index.php\/wp-json\/wp\/v2\/media?parent=12"}],"curies":[{"name":"wp","href":"https:\/\/api.w.org\/{rel}","templated":true}]}}